{"id":944,"date":"2024-04-11T16:01:58","date_gmt":"2024-04-11T19:01:58","guid":{"rendered":"https:\/\/ombrello.com.br\/administrador\/?page_id=944"},"modified":"2024-04-11T16:01:58","modified_gmt":"2024-04-11T19:01:58","slug":"governanca","status":"publish","type":"page","link":"https:\/\/ombrello.com.br\/administrador\/governanca\/","title":{"rendered":"Governan\u00e7a"},"content":{"rendered":"\n<p>A Ombrello tem como pilar uma governan\u00e7a s\u00f3lida e robusta em todos os seus processos, optando pelas melhores pr\u00e1ticas de \u00e9tica e compliance.<\/p>\n\n\n\n<p>N\u00f3s prezamos pela estrita conformidade com a legisla\u00e7\u00e3o, estimulando a transpar\u00eancia na troca com colaboradores, clientes e parceiros, no di\u00e1logo com o poder p\u00fablico e com a sociedade, e no licenciamento e desenvolvimento de nossos empreendimentos.<\/p>\n\n\n\n<p>Para isso, seguimos uma sistem\u00e1tica estrat\u00e9gia de planejamento sucess\u00f3rio, estabelecemos indicadores-chave de performance (KPIs) e incentivamos um programa de desenvolvimento e reten\u00e7\u00e3o de talentos na empresa.<\/p>\n","protected":false},"excerpt":{"rendered":"<p>A Ombrello tem como pilar uma governan\u00e7a s\u00f3lida e robusta em todos os seus processos, optando pelas melhores pr\u00e1ticas de \u00e9tica e compliance. N\u00f3s prezamos pela estrita conformidade com a legisla\u00e7\u00e3o, estimulando a transpar\u00eancia na troca com colaboradores, clientes e parceiros, no di\u00e1logo com o poder p\u00fablico e com a sociedade, e no licenciamento e [&hellip;]<\/p>\n","protected":false},"author":1,"featured_media":0,"parent":0,"menu_order":0,"comment_status":"closed","ping_status":"closed","template":"","meta":{"_acf_changed":false,"footnotes":""},"class_list":["post-944","page","type-page","status-publish","hentry"],"acf":[],"_links":{"self":[{"href":"https:\/\/ombrello.com.br\/administrador\/wp-json\/wp\/v2\/pages\/944","targetHints":{"allow":["GET"]}}],"collection":[{"href":"https:\/\/ombrello.com.br\/administrador\/wp-json\/wp\/v2\/pages"}],"about":[{"href":"https:\/\/ombrello.com.br\/administrador\/wp-json\/wp\/v2\/types\/page"}],"author":[{"embeddable":true,"href":"https:\/\/ombrello.com.br\/administrador\/wp-json\/wp\/v2\/users\/1"}],"replies":[{"embeddable":true,"href":"https:\/\/ombrello.com.br\/administrador\/wp-json\/wp\/v2\/comments?post=944"}],"version-history":[{"count":1,"href":"https:\/\/ombrello.com.br\/administrador\/wp-json\/wp\/v2\/pages\/944\/revisions"}],"predecessor-version":[{"id":945,"href":"https:\/\/ombrello.com.br\/administrador\/wp-json\/wp\/v2\/pages\/944\/revisions\/945"}],"wp:attachment":[{"href":"https:\/\/ombrello.com.br\/administrador\/wp-json\/wp\/v2\/media?parent=944"}],"curies":[{"name":"wp","href":"https:\/\/api.w.org\/{rel}","templated":true}]}}