{"id":817,"date":"2022-09-28T22:38:59","date_gmt":"2022-09-29T01:38:59","guid":{"rendered":"https:\/\/ombrello.com.br\/administrador\/?page_id=817"},"modified":"2022-09-28T22:39:00","modified_gmt":"2022-09-29T01:39:00","slug":"visao","status":"publish","type":"page","link":"https:\/\/ombrello.com.br\/administrador\/visao\/","title":{"rendered":"Vis\u00e3o"},"content":{"rendered":"\n<p>\u201cTornar-se, at\u00e9 o ano de 2023, <strong>refer\u00eancia em governan\u00e7a<\/strong>, com participa\u00e7\u00e3o ativa no desenvolvimento dos empreendimentos, por meio de um landbank rent\u00e1vel e sustent\u00e1vel\u201d<\/p>\n","protected":false},"excerpt":{"rendered":"<p>\u201cTornar-se, at\u00e9 o ano de 2023, refer\u00eancia em governan\u00e7a, com participa\u00e7\u00e3o ativa no desenvolvimento dos empreendimentos, por meio de um landbank rent\u00e1vel e sustent\u00e1vel\u201d<\/p>\n","protected":false},"author":1,"featured_media":0,"parent":0,"menu_order":0,"comment_status":"closed","ping_status":"closed","template":"","meta":{"_acf_changed":false,"footnotes":""},"class_list":["post-817","page","type-page","status-publish","hentry"],"acf":[],"_links":{"self":[{"href":"https:\/\/ombrello.com.br\/administrador\/wp-json\/wp\/v2\/pages\/817","targetHints":{"allow":["GET"]}}],"collection":[{"href":"https:\/\/ombrello.com.br\/administrador\/wp-json\/wp\/v2\/pages"}],"about":[{"href":"https:\/\/ombrello.com.br\/administrador\/wp-json\/wp\/v2\/types\/page"}],"author":[{"embeddable":true,"href":"https:\/\/ombrello.com.br\/administrador\/wp-json\/wp\/v2\/users\/1"}],"replies":[{"embeddable":true,"href":"https:\/\/ombrello.com.br\/administrador\/wp-json\/wp\/v2\/comments?post=817"}],"version-history":[{"count":1,"href":"https:\/\/ombrello.com.br\/administrador\/wp-json\/wp\/v2\/pages\/817\/revisions"}],"predecessor-version":[{"id":818,"href":"https:\/\/ombrello.com.br\/administrador\/wp-json\/wp\/v2\/pages\/817\/revisions\/818"}],"wp:attachment":[{"href":"https:\/\/ombrello.com.br\/administrador\/wp-json\/wp\/v2\/media?parent=817"}],"curies":[{"name":"wp","href":"https:\/\/api.w.org\/{rel}","templated":true}]}}